2.
19
Suppose 21*z - 2*c = 19*z + 458, -4*z - 2*c + 940 = 0. What is the remainder when z is divided by 41?
28
Calculate the remainder when (-240)/(-4) + (0 - 2) is divided by 24/3*4 + -2.
28
Let r be ((-15)/12)/(-1 + 5/4). What is the remainder when 21 is divided by (-6)/(-4)*(-37 - r)/(-4)?
9
Suppose -556 = -17*k + 413. What is the remainder when k is divided by 5?
2
Let j = 10 - -47. Calculate the remainder when (-873)/(-36) + -24 - (-679)/4 is divided by j.
56
Suppose -8*a + 81 + 9 = -54. Let n = -17 + 51. What is the remainder when n is divided by a?
16
Suppose n - 8 = -2*r + 14, -n = -2. Let d(q) = q**3 - 4*q**2 - q + 4. Let o be d(4). Let a(v) = -2*v + 18. What is the remainder when a(o) is divided by r?
8
Suppose -493*u = -477*u - 4544. Calculate the remainder when u is divided by 12.
8
Suppose 15*j - 19*j = 384. Let h = -22 - j. Suppose -14*l + 100 = -10*l. Calculate the remainder when h is divided by l.
24
Suppose 4*n - 434 = -5*g - 314, -3*g = -2*n - 72. What is the remainder when 613 is divided by g?
13
Let a = 26 - 59. What is the remainder when 63 is divided by -16*(a/30 + 3/5)?
7
Let u = -7 + 14. Let y be (4/6)/((-8)/12). Calculate the remainder when (-18)/y*2/3 is divided by u.
5
Suppose 0 = 35*p - 37*p - z + 74, 2*p - 86 = 2*z. Calculate the remainder when p is divided by 14.
11
Let z = 3 + 13. Let v(j) = 4*j**2 + 3*j. Calculate the remainder when v(3) is divided by z.
13
Let i(r) = -r**2 + 12*r - 7. Calculate the remainder when i(8) is divided by -3 + 66/6 - (-1)/1.
7
Suppose -9*g + 25*g - 464 = 0. Calculate the remainder when 153 is divided by g.
8
Let b be (-2 - -4 - -3) + (-30)/10. Suppose 50 = b*f + 14. What is the remainder when 31 is divided by f?
13
Suppose -4*y + y + 70 = -q, -4*y - 3*q + 89 = 0. What is the remainder when y is divided by 3 + ((-14)/7 - -7)?
7
Let g(j) = j**2 - 4*j + 6. Let d be 5*(-3)/(1 - -2). Let m be d/(10/(-8)) - 0. What is the remainder when g(m) is divided by 2?
0
Suppose 7*v - 216 = 3*v. Let i = -14 + v. What is the remainder when i is divided by 14?
12
Let k = 44 - 28. Let z = 7 - 0. Calculate the remainder when k is divided by z.
2
Suppose 21 = g - 26. Suppose 0 = 178*b - 180*b + 50. What is the remainder when g is divided by b?
22
Let b(s) = -s**2 - 12*s - 4. Let r be b(-11). Suppose 0 = 4*t - r*t. Let n = t + 1. Calculate the remainder when 2 is divided by n.
0
Let w(m) = 11*m - 6 - 10*m**3 - m**2 + 4 - 5 + 9*m**3. Suppose -24 - 56 = -4*k. What is the remainder when w(-5) is divided by k?
18
Let u be 158/4 - 1/2. Let m = 56 - u. What is the remainder when 4/(16/252) + 4 is divided by m?
16
Suppose 2*f - 138 = -4*g, -6*f + 260 = -2*f + 4*g. What is the remainder when f is divided by 22?
17
Let u = 124 + -108. Suppose 0 = -2*a + 14 + 102. What is the remainder when a is divided by u?
10
Let i be 297/(-15) - (-7)/(-35). Let z(q) = q**3 + 20*q**2 + 15. What is the remainder when z(i) is divided by 6?
3
Let b(g) = -2*g**3 + 15*g**2 - 3*g. What is the remainder when 501 is divided by b(7)?
25
Suppose 0 = 105*g - 5431 - 6539. Calculate the remainder when 569 is divided by g.
113
Let s = -10 + 17. Let m(x) = x**3 - 7*x**2 - x - 13. Let f be m(9). Suppose 0 = 13*n - 6*n - f. What is the remainder when n is divided by s?
6
Let j be (-4)/(-36) - 212/(-36). Let b = j - -12. Calculate the remainder when b is divided by 12 - 0 - 6/3.
8
Suppose -101 = -f + 2*o + 69, -2*f - 5*o = -295. Calculate the remainder when f is divided by 7.
6
Let z(c) = 7*c**2 - 27*c - 13. Let n be z(6). Suppose 2*q = -3*k + n, 3*q + 23 - 167 = 5*k. Calculate the remainder when q is divided by 15.
13
Let y = -59 - -69. Suppose 84 = 2*w + y. What is the remainder when 146 is divided by w?
35
Let w(c) = c + 105. Let x be w(0). Suppose 3*l - 2*s + 65 = 0, 0 = -7*l + 2*l + 4*s - x. Let o = l - -36. What is the remainder when 53 is divided by o?
9
Let w = -36 - -24. Calculate the remainder when ((-14)/w - (-6)/(-12))*42 is divided by 11.
6
Let c = 2 + -8. Calculate the remainder when (-3)/(c/(-320))*60/(-50) is divided by 39.
36
Let r(k) = 5*k**2 + 4*k - 6. Let v be r(-5). Suppose 10*s + 3*l + 49 = 12*s, -55 = -2*s - 3*l. Calculate the remainder when 2 + 0 + v + 1 is divided by s.
24
Suppose n - 35 - 41 = 0. What is the remainder when n is divided by 20?
16
Suppose -a + 5*y + 163 = 0, a - 2*y - 159 = y. What is the remainder when a is divided by 35?
13
Let l(j) = j**3 + 8*j**2 - 8*j + 6. Suppose -5*f + 3*z = -18, 3*z = -4*f + 4*z + 13. Suppose -32 = -f*r + 52. What is the remainder when l(-7) is divided by r?
27
Let v(u) = u**3 - 2*u**2 + u + 9. Let a = -93 - -171. Calculate the remainder when a is divided by v(0).
6
Let g(i) = -i**2 + 2*i. Let p be g(-8). Let n = -55 - p. What is the remainder when 47 is divided by n?
22
Let k = 173 - 116. Suppose 4*j - 19 = k. What is the remainder when 33 is divided by j?
14
Let w(o) = o**3 - 7*o**2 - 8*o - 10. Let u be w(8). Let p be 16/(-3)*15/u. Let g(q) = -q**3 + 8*q**2 + 11. Calculate the remainder when 30 is divided by g(p).
8
Let k(b) = -b**2 - 16*b + 9. Suppose 2*o + 32 = -0*o. What is the remainder when k(o) is divided by 6 - (-1 - -4 - 3)?
3
Suppose -l - 4 + 24 = 2*z, -3*z - 4*l = -35. Suppose z*t - 8*t - 2*m = 17, 9 = 3*m. What is the remainder when t is divided by 8?
7
Let i(o) = -60*o**2 + 18*o. Let m(b) = 17*b**2 - 5*b. Let a(c) = 5*i(c) + 18*m(c). What is the remainder when a(-3) is divided by 19?
16
Suppose 10 = 3*u - z, 5*u + 2*z + 4 = 3*u. What is the remainder when 11 is divided by u?
1
Suppose -5*j - 3*z + 97 = -236, -3*j + 2*z = -196. Calculate the remainder when 176 is divided by j.
44
What is the remainder when 35 is divided by (22 - -1) + -6 + 63/9?
11
Suppose 4*w + 17*n - 951 = 18*n, 3*w - 4*n = 723. Calculate the remainder when w is divided by 48.
45
Let q be (-1)/(-3) - 2/6. Let d = q - -1. Calculate the remainder when d is divided by (-6 + 3)*(-2)/6.
0
Suppose 26 = -3*t + 5*u, 2*u + 3*u + 16 = -3*t. Let b = 0 + t. Let k(p) = -2*p + 7. Calculate the remainder when k(b) is divided by 12.
9
Suppose -4*x + 148 - 28 = 0. Let p = 1368 - 1309. What is the remainder when p is divided by x?
29
Suppose 0 = -5*n - 5, 67 = 131*t - 127*t + n. Suppose 2*j + 9 + 17 = 4*x, 8 = x - 2*j. Calculate the remainder when t is divided by x.
5
Suppose -d + 3*d = 0. Suppose -3*n = 5*c - 22 + 7, -15 = -3*n - c. Suppose q - n + 0 = d, 0 = -5*z - 2*q + 95. What is the remainder when 48 is divided by z?
14
Let b = -13 - -153. Suppose 4*x + x - b = 0. Suppose 3*m - m = x. What is the remainder when 53 is divided by m?
11
Let o(g) = 6*g**2 + g + 1. Let m be o(-1). Let c(k) = -k + 20. Let h = 54 + -16. Calculate the remainder when h is divided by c(m).
10
Let g be 0/(0/(-2) + -1). Suppose -5*i - 178 - 287 = g. Calculate the remainder when 1/(-4) + i/(-4) is divided by 6.
5
Let s(i) = 4*i**2 + 3*i - 22. Let o(n) = -3*n. Let c(t) = -1. Let u(g) = -c(g) + o(g). What is the remainder when s(-5) is divided by u(-5)?
15
Let k(l) = 26*l - 332. What is the remainder when k(14) is divided by 8?
0
Suppose 0 = -5*r - 1 + 6, r + 23 = 4*c. Calculate the remainder when 431 is divided by c.
5
Let q(o) = -48*o + 30. What is the remainder when q(-4) is divided by 32?
30
Suppose -4*c - 42 = -2*l, -c = 5*l + 4*c - 150. Calculate the remainder when 294 is divided by l.
24
Suppose -1238 = -4*p - 2*q, -p = 2*p + 3*q - 921. What is the remainder when p is divided by 45?
42
Suppose 682 = 5*u + 3*y, 5*y - 3*y = -2*u + 272. Suppose -17*f + 455 = -4*f. Calculate the remainder when u is divided by f.
32
Let n be 19 + -2 + 0/(-1). Let c = -33 + n. Calculate the remainder when -76*(c/4)/8 is divided by 13.
12
Let n be (2 - 126/(-4))/(2/(-4)). Let x = -62 - n. Calculate the remainder when 14 is divided by x.
4
Let i(u) be the third derivative of -9*u**4/8 - u**3/3 - 4*u**2 - 11. What is the remainder when 71 is divided by i(-1)?
21
Suppose -71*y + 4851 = -8*y. What is the remainder when y is divided by 16?
13
What is the remainder when 335 is divided by (-5055)/(-60) + (-1)/4?
83
Let z = 177 + -122. Suppose -4*u + 2*a + 100 = 6*a, a = -4*u + 109. Calculate the remainder when z is divided by u.
27
Let b be 1888/(-12)*9/6. Let k = 332 + b. Calculate the remainder when k is divided by 33.
30
Let c be 165/15 + -4 + 0. Let d = -2 + c